
Let g(d) = 84*d + 5608. Determine g(-66).
64
Let r(c) = c**3 - 3*c**2 - 17*c + 3. Give r(4).
-49
Let c(m) = -10841*m + 21680. Determine c(2).
-2
Let j(z) = -6*z**2 - 15*z - 97. Determine j(-11).
-658
Let r(b) = b**2 + 140*b + 1881. Calculate r(-125).
6
Let h(g) = -2*g**3 - 32*g**2 - 65*g - 22. Determine h(-14).
104
Let n(r) = -7*r**2 + 620*r + 5724. Determine n(97).
1
Let g(t) = -t**3 - 35*t**2 + 400*t + 166. What is g(-44)?
-10
Let d(m) = 15*m - 172. Give d(9).
-37
Let o(x) = x**3 + 10*x**2 + 69*x - 13. What is o(-7)?
-349
Let y(c) = 9*c**2 - 36*c - 74. What is y(-2)?
34
Let p(w) = -44*w - 324. Give p(-7).
-16
Let t(p) = p**3 - 2*p - 39. What is t(4)?
17
Let z(u) = u**2 - 1252*u - 7544. Give z(-6).
4
Let i(k) = -2918*k - 2948. Give i(-1).
-30
Let i(w) = w**3 + 13*w**2 - 16*w + 26. Give i(-14).
54
Let o(h) = -7*h**2 + 13*h - 77. Determine o(6).
-251
Let g(d) = -d**2 + 34*d - 201. Determine g(24).
39
Let w(n) = -n**2 + 50*n + 190. Calculate w(53).
31
Let q(g) = 58*g + 1079. What is q(-16)?
151
Let l(f) = -3*f**3 - 13*f**2 - 8*f - 4. What is l(-4)?
12
Let k(r) = r**3 + 8*r**2 - 181*r + 19. What is k(-18)?
37
Let k(z) = 2*z**3 + 1367*z + 2756. What is k(-2)?
6
Let s(k) = -157*k**2 + 73*k + 78. What is s(1)?
-6
Let h(c) = -329*c - 5496. Calculate h(-16).
-232
Let p(q) = 2*q**3 - 127*q**2 - 330*q - 2. Calculate p(66).
-2
Let t(r) = -r**3 - 34*r**2 + 80*r + 261. Give t(-36).
-27
Let o(y) = 18*y + 245. Determine o(-7).
119
Let z(n) = -11*n**2 + 32*n - 38. Calculate z(3).
-41
Let t(f) = -f**3 + 21*f**2 - 52*f - 40. Calculate t(18).
-4
Let d(n) = 316*n - 47716. What is d(151)?
0
Let s(y) = 17*y**2 + 10*y + 18. What is s(-4)?
250
Let v(m) = -32*m - 2982. Calculate v(-94).
26
Let v(r) = 3*r**2 - 52. What is v(-11)?
311
Let p(o) = o**2 - 27*o - 51. What is p(29)?
7
Let q(t) = t**3 + 6*t**2 - 17*t - 81. Give q(-7).
-11
Let b(p) = 37*p - 406. What is b(9)?
-73
Let d(v) = v**3 + 16*v**2 + 47*v - 14. Give d(-12).
-2
Let x(l) = -32*l + 584. Give x(18).
8
Let j(z) = 2*z**3 - 94*z**2 + 108*z - 728. Determine j(46).
8
Let k(r) = 4*r**2 + 22*r + 231. What is k(-14)?
707
Let h(y) = 16*y - 465. Determine h(30).
15
Let k(w) = -178*w**2 + 1260*w - 13. Calculate k(7).
85
Let b(h) = -26*h + 719. Calculate b(35).
-191
Let c(a) = -14*a - 248. Give c(-18).
4
Let h(b) = b**2 - 80*b + 291. What is h(4)?
-13
Let l(f) = -9*f**3 + 28*f**2 - 2*f. Determine l(3).
3
Let v(f) = f**3 - 129*f**2 + 110*f + 2308. Calculate v(128).
4
Let x(a) = -8*a**2 - 11*a - 5. Determine x(-4).
-89
Let u(k) = -25*k**3 - 75*k**2 + 10*k + 1. Calculate u(-3).
-29
Let u(q) = -273*q + 81. Calculate u(1).
-192
Let q(u) = u**2 + 312*u - 4193. What is q(13)?
32
Let a(u) = 110*u**2 + 36*u + 36. Calculate a(-1).
110
Let j(f) = -97*f + 26. What is j(1)?
-71
Let u(h) = 38*h - 1517. Give u(40).
3
Let a(o) = 98*o - 404. Determine a(10).
576
Let o(a) = 56*a - 1236. Give o(22).
-4
Let m(g) = 4*g**3 - 56*g**2 - 18*g - 36. Determine m(14).
-288
Let o(c) = 24*c - 77. Calculate o(12).
211
Let x(c) = -3*c - 84. Give x(-36).
24
Let c(w) = 699*w**2 - 14681*w + 45. What is c(21)?
3
Let s(u) = 35*u**2 + 640*u + 184. Give s(-18).
4
Let y(x) = 17*x**2 + 2*x - 114. Give y(0).
-114
Let v(a) = 24*a**2 + 384*a - 20. Give v(-16).
-20
Let b(k) = 65*k - 1009. Determine b(14).
-99
Let g(o) = 31*o + 172. Calculate g(-6).
-14
Let q(s) = -11*s**3 - 934*s**2 + 91*s + 523. Calculate q(-85).
13
Let u(b) = -16*b**3 - 4*b**2 + 12*b - 11. Determine u(2).
-131
Let d(w) = -76*w**3 - 2434*w**2 - 62*w + 39. Determine d(-32).
-25
Let r(w) = -w**3 + w**2 + 8*w + 40. Determine r(0).
40
Let d(v) = 3*v**3 - 6*v**2 - 147*v + 308. Give d(2).
14
Let s(j) = -34*j + 97. Calculate s(3).
-5
Let i(f) = 2*f**2 + 3565*f - 21429. Give i(6).
33
Let h(y) = 12*y**3 - 55*y**2 - 8*y + 12. Give h(5).
97
Let n(l) = l**3 - 17*l**2 + 18*l - 1. Give n(17).
305
Let v(m) = -m**3 + 25*m**2 + 82*m - 15. Calculate v(-3).
-9
Let z(p) = 7*p**2 - 17*p - 219. Give z(-8).
365
Let q(a) = 266*a + 1861. Determine q(-7).
-1
Let f(g) = -g**2 - 2*g + 129. What is f(-13)?
-14
Let i(c) = 2*c**2 - 447*c - 25435. Give i(-47).
-8
Let h(l) = 23*l**2 + 873*l - 47. Calculate h(-38).
-9
Let c(r) = 6*r**2 + 56*r - 12. Determine c(-8).
-76
Let s(n) = -2*n**3 - 46*n**2 - 58*n - 292. Give s(-22).
16
Let u(i) = -2*i**2 + 45*i + 844. Give u(33).
151
Let b(n) = -140*n + 1782. Give b(13).
-38
Let a(d) = 120*d - 5508. Give a(46).
12
Let y(j) = -23*j**2 + 9*j - 10. Calculate y(0).
-10
Let m(g) = 18*g + 74. Give m(-8).
-70
Let f(i) = 3*i**2 + 39*i + 260. Determine f(-10).
170
Let x(b) = -431*b + 431. Calculate x(1).
0
Let m(x) = 61*x + 316. What is m(-4)?
72
Let w(s) = -s**2 + 110*s + 8209. Determine w(-51).
-2
Let q(c) = 2*c**3 + 61*c**2 + 89*c + 31. Give q(-29).
-27
Let d(a) = -a**3 - 84*a**2 - 728*a - 964. Calculate d(-8).
-4
Let j(y) = y**3 - 17*y**2 + 15*y - 20. Give j(16).
-36
Let k(w) = w**2 - 87*w - 1246. Calculate k(-14).
168
Let x(g) = g**3 - g**2 - 8*g - 14. What is x(5)?
46
Let g(w) = -2*w**2 - 94*w + 20. Determine g(-47).
20
Let g(v) = v**2 + 231*v - 1145. Give g(5).
35
Let q(a) = -a**3 + 42*a**2 - 35*a - 86. Calculate q(41).
160
Let h(i) = -815*i + 24468. Calculate h(30).
18
Let t(v) = -82*v - 326. Determine t(-4).
2
Let g(d) = 2*d**2 - 35*d + 195. Calculate g(6).
57
Let n(w) = -w**2 - 26*w + 2861. Give n(-67).
114
Let m(c) = -229*c - 633. Give m(-3).
54
Let g(q) = -675*q - 2704. What is g(-4)?
-4
Let b(y) = y**3 - 18*y**2 + 2*y - 368. Calculate b(18).
-332
Let t(w) = 4*w**3 - 2*w**2 + 4*w - 4. Calculate t(-2).
-52
Let y(i) = i**3 - 30*i**2 - 224*i - 19. Calculate y(-6).
29
Let z(q) = -q**3 - 5*q**2 + 42*q - 155. Calculate z(-10).
-75
Let m(t) = -530*t + 4241. Give m(8).
1
Let k(u) = -u**3 + 17*u**2 + 202*u + 23. What is k(25)?
73
Let i(j) = j**3 - 9*j**2 - 49*j + 427. Determine i(8).
-29
Let u(k) = 6*k**2 - 7*k + 43. Give u(7).
288
Let j(o) = 33*o + 150. Determine j(-6).
-48
Let o(t) = -t**3 - 22*t**2 - 19*t - 412. What is o(-22)?
6
Let n(z) = z**3 + 153*z**2 + 160*z + 1153. Give n(-152).
-63
Let m(c) = -13*c + 27. Determine m(12).
-129
Let o(v) = -81*v + 162. Calculate o(2).
0
Let f(v) = v**3 + 22*v**2 - 63*v - 383. Calculate f(-24).
-23
Let w(c) = c**2 + 163*c - 15115. Calculate w(-229).
-1
Let w(g) = -g**3 + 9*g**2 - 199*g + 1126. What is w(6)?
40
Let d(q) = -q**2 - 12*q + 740. Calculate d(21).
47
Let o(j) = 45*j**2 + 177*j - 13. Give o(-4).
-1
Let g(k) = k**3 - 19*k**2 - 21*k + 6. Determine g(20).
-14
Let s(w) = -2*w**2 + 47*w - 279. Give s(12).
-3
Let p(o) = o**2 - 28*o - 18. Give p(0).
-18
Let p(i) = 154*i + 264. Calculate p(-2).
-44
Let r(y) = -2*y**3 - 7*y**2 - 13*y - 36. Give r(-5).
104
Let q(n) = -3*n**2 + 1594*n + 4788. Determine q(-3).
-21
Let p(o) = -35*o**3 + 64*o**2 - 16*o + 17. What is p(1)?
30
Let r(s) = s**2 + 29*s - 1105. Give r(-55).
325
Let o(q) = 13*q**3 + 11*q**2 + 12*q + 18. What is o(-2)?
-66
Let l(z) = 5*z**2 + 13*z + 3. Give l(4).
135
Let g(c) = c**3 + 295*c**2 - 4*c - 1167. What is g(-295)?
13
Let g(q) = -73*q + 3000. Give g(41).
7
Let p(d) = -d**3 + 12*d - 156. Determine p(-6).
-12
Let x(r) = 3*r**2 + 8*r - 20. Give x(-6).
40
Let y(m) = -5*m**2 - 29*m - 21. What is y(-5)?
-1
Let g(f) = f**2 + 2*f - 17. Determine g(4).
7
Let s(q) = 2*q**3 - q**2 - 45*q + 121. Calculate s(3).
31
Let m(a) = 4*a**3 - 5*a**2 + 35*a - 71. Give m(2).
11
Let h(p) = 51*p - 412. What is h(6)?
-106
Let a(d) = -37558*d + 413141. Calculate a(11).
3
Let b(u) = 3*u**3 - 170*u**2 + 129*u - 960. What is b(56)?
-8
Let m(s) = 165*s - 245. Calculate m(2).
85
Let l(g) = 123*g - 1630. Give l(15).
215
Let f(n) = 5*n - 22. Calculate f(2).
-12
Let l(n) = -8701*n - 69616. Give l(-8).
-8
Let z(v) = -22*v + 496. Determine z(24).
-32
Let w(k) = -k**3 + 12*k**2 + 52*k - 33. Determine w(15).
72
Let v(c) = -6*c**2 - 7*c - 74. Determine v(-6).
-248
Let j(h) = 3*h**3 - 3*h**2 + 22*h + 7. Determine j(-5).
-553
Let y(g) = -8*g**2 - 45*g - 44. Give y(-1).
-7
Let n(r) = -4*r**3 - 111*r**2 + 34*r + 135. What is n(-28)?
-33
Let j(s) = -2*s**3 + 147*s**2 - 71*s - 21. Calculate j(73).
125
Let g(d) = -23*d**2 - 378*d + 17. What is g(-16)?
177
Let c(a) = a**3 + 29*a**2 - 50*a + 325. Determine c(-31).
-47
Let c(d) = -28*d - 982. Calculate c(-37).
54
Let r(i) = -49*i - 101. What is r(-2)?
-3
Let y(g) = 714*g - 15018. Det